{"id":148,"date":"2009-12-27T20:29:17","date_gmt":"2009-12-27T19:29:17","guid":{"rendered":"http:\/\/ltbc.fr\/?page_id=148"},"modified":"2022-01-15T11:48:58","modified_gmt":"2022-01-15T10:48:58","slug":"plan-des-reseaux","status":"publish","type":"page","link":"https:\/\/ltbc.fr\/?page_id=148","title":{"rendered":"Pr\u00e9sentation des R\u00e9seaux"},"content":{"rendered":"\n<p>Vous souhaitez que l&rsquo;on participe \u00e0 votre Exposition ?<\/p>\n\n\n\n<p>Voici ci-apr\u00e8s les plans d&rsquo;implantation de nos r\u00e9seaux.<\/p>\n\n\n\n<p>Tout d&rsquo;abord le r\u00e9seau d\u00e9nomm\u00e9 \u00ab\u00a0Le Malemort\u00a0\u00bb.<\/p>\n\n\n\n<p>Il s&rsquo;agit d&rsquo;un r\u00e9seau modulaire \u00e0 l&rsquo;\u00e9chelle HO, pouvant \u00eatre expos\u00e9 avec 8, 10 ou 11 modules.<\/p>\n\n\n\n<p>Il repr\u00e9sente une ligne \u00e0 voie unique, \u00e0 double sens de circulation.<\/p>\n\n\n\n<p>Certains modules s&rsquo;inspirent de la ligne Brive-Tulle, d&rsquo;autres sont d&rsquo;inspiration libre.<\/p>\n\n\n\n<p>Voici le plan d&rsquo;implantation :<\/p>\n\n\n\n<figure class=\"wp-block-image size-large\"><a href=\"https:\/\/ltbc.fr\/wp-content\/uploads\/2022\/01\/Capture-de\u0301cran-2022-01-15-a\u0300-11.44.51.png\"><img loading=\"lazy\" decoding=\"async\" width=\"876\" height=\"1024\" src=\"https:\/\/ltbc.fr\/wp-content\/uploads\/2022\/01\/Capture-de\u0301cran-2022-01-15-a\u0300-11.44.51-876x1024.png\" alt=\"\" class=\"wp-image-3260\" srcset=\"https:\/\/ltbc.fr\/wp-content\/uploads\/2022\/01\/Capture-de\u0301cran-2022-01-15-a\u0300-11.44.51-876x1024.png 876w, https:\/\/ltbc.fr\/wp-content\/uploads\/2022\/01\/Capture-de\u0301cran-2022-01-15-a\u0300-11.44.51-257x300.png 257w, https:\/\/ltbc.fr\/wp-content\/uploads\/2022\/01\/Capture-de\u0301cran-2022-01-15-a\u0300-11.44.51-768x898.png 768w, https:\/\/ltbc.fr\/wp-content\/uploads\/2022\/01\/Capture-de\u0301cran-2022-01-15-a\u0300-11.44.51-1313x1536.png 1313w, https:\/\/ltbc.fr\/wp-content\/uploads\/2022\/01\/Capture-de\u0301cran-2022-01-15-a\u0300-11.44.51-1751x2048.png 1751w, https:\/\/ltbc.fr\/wp-content\/uploads\/2022\/01\/Capture-de\u0301cran-2022-01-15-a\u0300-11.44.51-128x150.png 128w, https:\/\/ltbc.fr\/wp-content\/uploads\/2022\/01\/Capture-de\u0301cran-2022-01-15-a\u0300-11.44.51-400x468.png 400w, https:\/\/ltbc.fr\/wp-content\/uploads\/2022\/01\/Capture-de\u0301cran-2022-01-15-a\u0300-11.44.51.png 1946w\" sizes=\"auto, (max-width: 876px) 100vw, 876px\" \/><\/a><\/figure>\n\n\n\n<p>Nous avons aussi le r\u00e9seau \u00ab\u00a0Le Martel\u00a0\u00bb, inspir\u00e9 de la ligne Martel &#8211; Saint Denis Pr\u00e8s Martel, dont une partie \u00e0 flanc de falaise, dans la vall\u00e9e de la Dordogne, avec nombreux tunnels et un viaduc.<\/p>\n\n\n\n<p>Ce r\u00e9seau est \u00e9galement \u00e0 l&rsquo;\u00e9chelle HO.<\/p>\n\n\n\n<p>Le plan d&rsquo;implantation du r\u00e9seau est le suivant :<\/p>\n\n\n\n<figure class=\"wp-block-image size-large\"><a href=\"https:\/\/ltbc.fr\/wp-content\/uploads\/2022\/01\/Capture-de\u0301cran-2022-01-15-a\u0300-10.37.28-1.png\"><img loading=\"lazy\" decoding=\"async\" width=\"1024\" height=\"901\" src=\"https:\/\/ltbc.fr\/wp-content\/uploads\/2022\/01\/Capture-de\u0301cran-2022-01-15-a\u0300-10.37.28-1-1024x901.png\" alt=\"\" class=\"wp-image-3256\" srcset=\"https:\/\/ltbc.fr\/wp-content\/uploads\/2022\/01\/Capture-de\u0301cran-2022-01-15-a\u0300-10.37.28-1-1024x901.png 1024w, https:\/\/ltbc.fr\/wp-content\/uploads\/2022\/01\/Capture-de\u0301cran-2022-01-15-a\u0300-10.37.28-1-300x264.png 300w, https:\/\/ltbc.fr\/wp-content\/uploads\/2022\/01\/Capture-de\u0301cran-2022-01-15-a\u0300-10.37.28-1-768x676.png 768w, https:\/\/ltbc.fr\/wp-content\/uploads\/2022\/01\/Capture-de\u0301cran-2022-01-15-a\u0300-10.37.28-1-150x132.png 150w, https:\/\/ltbc.fr\/wp-content\/uploads\/2022\/01\/Capture-de\u0301cran-2022-01-15-a\u0300-10.37.28-1-400x352.png 400w, https:\/\/ltbc.fr\/wp-content\/uploads\/2022\/01\/Capture-de\u0301cran-2022-01-15-a\u0300-10.37.28-1.png 1296w\" sizes=\"auto, (max-width: 1024px) 100vw, 1024px\" \/><\/a><\/figure>\n\n\n\n<p>________________________________________<\/p>\n\n\n\n<p>Voici une petite vid\u00e9o de pr\u00e9sentation de nos r\u00e9seaux:<\/p>\n\n\n\n<p><iframe loading=\"lazy\" title=\"!!!!\" width=\"640\" height=\"480\" src=\"https:\/\/www.youtube.com\/embed\/-DIduLYWui8?feature=oembed\" frameborder=\"0\" allow=\"accelerometer; autoplay; clipboard-write; encrypted-media; gyroscope; picture-in-picture; web-share\" referrerpolicy=\"strict-origin-when-cross-origin\" allowfullscreen><\/iframe><\/p>\n","protected":false},"excerpt":{"rendered":"\n<p>Vous souhaitez que l&rsquo;on participe \u00e0 votre Exposition ?<\/p>\n<p>Voici ci-apr\u00e8s les plans d&rsquo;implantation de nos r\u00e9seaux.<\/p>\n<p>Tout d&rsquo;abord le r\u00e9seau d\u00e9nomm\u00e9 \u00ab Le Malemort \u00bb.<\/p>\n<p>Il s&rsquo;agit d&rsquo;un r\u00e9seau modulaire \u00e0 l&rsquo;\u00e9chelle HO, pouvant \u00eatre expos\u00e9 avec 8, 10 ou 11 modules.<\/p>\n<p>Il repr\u00e9sente une ligne \u00e0 voie unique, \u00e0 double sens de [&#8230;]<\/p>\n","protected":false},"author":1,"featured_media":0,"parent":0,"menu_order":0,"comment_status":"open","ping_status":"open","template":"","meta":{"_monsterinsights_skip_tracking":false,"_monsterinsights_sitenote_active":false,"_monsterinsights_sitenote_note":"","_monsterinsights_sitenote_category":0,"footnotes":""},"class_list":["post-148","page","type-page","status-publish","hentry","odd"],"aioseo_notices":[],"_links":{"self":[{"href":"https:\/\/ltbc.fr\/index.php?rest_route=\/wp\/v2\/pages\/148","targetHints":{"allow":["GET"]}}],"collection":[{"href":"https:\/\/ltbc.fr\/index.php?rest_route=\/wp\/v2\/pages"}],"about":[{"href":"https:\/\/ltbc.fr\/index.php?rest_route=\/wp\/v2\/types\/page"}],"author":[{"embeddable":true,"href":"https:\/\/ltbc.fr\/index.php?rest_route=\/wp\/v2\/users\/1"}],"replies":[{"embeddable":true,"href":"https:\/\/ltbc.fr\/index.php?rest_route=%2Fwp%2Fv2%2Fcomments&post=148"}],"version-history":[{"count":22,"href":"https:\/\/ltbc.fr\/index.php?rest_route=\/wp\/v2\/pages\/148\/revisions"}],"predecessor-version":[{"id":3261,"href":"https:\/\/ltbc.fr\/index.php?rest_route=\/wp\/v2\/pages\/148\/revisions\/3261"}],"wp:attachment":[{"href":"https:\/\/ltbc.fr\/index.php?rest_route=%2Fwp%2Fv2%2Fmedia&parent=148"}],"curies":[{"name":"wp","href":"https:\/\/api.w.org\/{rel}","templated":true}]}}