{"id":38,"date":"2009-12-27T09:23:52","date_gmt":"2009-12-27T08:23:52","guid":{"rendered":"http:\/\/ltbc.fr\/?page_id=38"},"modified":"2017-10-10T10:09:07","modified_gmt":"2017-10-10T08:09:07","slug":"presse","status":"publish","type":"page","link":"https:\/\/ltbc.fr\/?page_id=38","title":{"rendered":"Presse"},"content":{"rendered":"<h1>Les coupures de presse concernant Le Train Briviste Corr\u00e9zien<\/h1>\n<p>Voici quelques coupures de presse concernant nos activit\u00e9s.<\/p>\n<p>&nbsp;<\/p>\n<p>Articles parus \u00e0 l&rsquo;occasion de notre <strong>exposition de 2017<\/strong><\/p>\n<p>&nbsp;<\/p>\n<p><img loading=\"lazy\" decoding=\"async\" class=\"alignnone size-large wp-image-2267\" src=\"http:\/\/ltbc.fr\/wp-content\/uploads\/2009\/12\/Capture-d\u2019e\u0301cran-2017-09-27-a\u0300-18.32.20-1024x582.png\" alt=\"\" width=\"640\" height=\"364\" srcset=\"https:\/\/ltbc.fr\/wp-content\/uploads\/2009\/12\/Capture-d\u2019e\u0301cran-2017-09-27-a\u0300-18.32.20-1024x582.png 1024w, https:\/\/ltbc.fr\/wp-content\/uploads\/2009\/12\/Capture-d\u2019e\u0301cran-2017-09-27-a\u0300-18.32.20-300x170.png 300w, https:\/\/ltbc.fr\/wp-content\/uploads\/2009\/12\/Capture-d\u2019e\u0301cran-2017-09-27-a\u0300-18.32.20-768x436.png 768w, https:\/\/ltbc.fr\/wp-content\/uploads\/2009\/12\/Capture-d\u2019e\u0301cran-2017-09-27-a\u0300-18.32.20-150x85.png 150w, https:\/\/ltbc.fr\/wp-content\/uploads\/2009\/12\/Capture-d\u2019e\u0301cran-2017-09-27-a\u0300-18.32.20-400x227.png 400w, https:\/\/ltbc.fr\/wp-content\/uploads\/2009\/12\/Capture-d\u2019e\u0301cran-2017-09-27-a\u0300-18.32.20.png 1359w\" sizes=\"auto, (max-width: 640px) 100vw, 640px\" \/> <img loading=\"lazy\" decoding=\"async\" class=\"alignnone size-large wp-image-2268\" src=\"http:\/\/ltbc.fr\/wp-content\/uploads\/2009\/12\/Capture-d\u2019e\u0301cran-2017-10-07-a\u0300-20.00.56.png\" alt=\"\" width=\"640\" height=\"544\" srcset=\"https:\/\/ltbc.fr\/wp-content\/uploads\/2009\/12\/Capture-d\u2019e\u0301cran-2017-10-07-a\u0300-20.00.56.png 743w, https:\/\/ltbc.fr\/wp-content\/uploads\/2009\/12\/Capture-d\u2019e\u0301cran-2017-10-07-a\u0300-20.00.56-300x255.png 300w, https:\/\/ltbc.fr\/wp-content\/uploads\/2009\/12\/Capture-d\u2019e\u0301cran-2017-10-07-a\u0300-20.00.56-150x127.png 150w, https:\/\/ltbc.fr\/wp-content\/uploads\/2009\/12\/Capture-d\u2019e\u0301cran-2017-10-07-a\u0300-20.00.56-400x340.png 400w\" sizes=\"auto, (max-width: 640px) 100vw, 640px\" \/> <img loading=\"lazy\" decoding=\"async\" class=\"alignnone size-large wp-image-2269\" src=\"http:\/\/ltbc.fr\/wp-content\/uploads\/2009\/12\/Capture-d\u2019e\u0301cran-2017-10-07-a\u0300-21.06.18.png\" alt=\"\" width=\"640\" height=\"665\" srcset=\"https:\/\/ltbc.fr\/wp-content\/uploads\/2009\/12\/Capture-d\u2019e\u0301cran-2017-10-07-a\u0300-21.06.18.png 968w, https:\/\/ltbc.fr\/wp-content\/uploads\/2009\/12\/Capture-d\u2019e\u0301cran-2017-10-07-a\u0300-21.06.18-289x300.png 289w, https:\/\/ltbc.fr\/wp-content\/uploads\/2009\/12\/Capture-d\u2019e\u0301cran-2017-10-07-a\u0300-21.06.18-768x798.png 768w, https:\/\/ltbc.fr\/wp-content\/uploads\/2009\/12\/Capture-d\u2019e\u0301cran-2017-10-07-a\u0300-21.06.18-144x150.png 144w, https:\/\/ltbc.fr\/wp-content\/uploads\/2009\/12\/Capture-d\u2019e\u0301cran-2017-10-07-a\u0300-21.06.18-400x416.png 400w\" sizes=\"auto, (max-width: 640px) 100vw, 640px\" \/> <img loading=\"lazy\" decoding=\"async\" class=\"alignnone size-large wp-image-2270\" src=\"http:\/\/ltbc.fr\/wp-content\/uploads\/2009\/12\/Capture-d\u2019e\u0301cran-2017-10-08-a\u0300-07.15.05-843x1024.png\" alt=\"\" width=\"640\" height=\"777\" srcset=\"https:\/\/ltbc.fr\/wp-content\/uploads\/2009\/12\/Capture-d\u2019e\u0301cran-2017-10-08-a\u0300-07.15.05-843x1024.png 843w, https:\/\/ltbc.fr\/wp-content\/uploads\/2009\/12\/Capture-d\u2019e\u0301cran-2017-10-08-a\u0300-07.15.05-247x300.png 247w, https:\/\/ltbc.fr\/wp-content\/uploads\/2009\/12\/Capture-d\u2019e\u0301cran-2017-10-08-a\u0300-07.15.05-768x932.png 768w, https:\/\/ltbc.fr\/wp-content\/uploads\/2009\/12\/Capture-d\u2019e\u0301cran-2017-10-08-a\u0300-07.15.05-124x150.png 124w, https:\/\/ltbc.fr\/wp-content\/uploads\/2009\/12\/Capture-d\u2019e\u0301cran-2017-10-08-a\u0300-07.15.05-400x486.png 400w, https:\/\/ltbc.fr\/wp-content\/uploads\/2009\/12\/Capture-d\u2019e\u0301cran-2017-10-08-a\u0300-07.15.05.png 906w\" sizes=\"auto, (max-width: 640px) 100vw, 640px\" \/> <img loading=\"lazy\" decoding=\"async\" class=\"alignnone size-large wp-image-2271\" src=\"http:\/\/ltbc.fr\/wp-content\/uploads\/2009\/12\/Capture-d\u2019e\u0301cran-2017-09-26-a\u0300-11.32.12-837x1024.png\" alt=\"\" width=\"640\" height=\"783\" srcset=\"https:\/\/ltbc.fr\/wp-content\/uploads\/2009\/12\/Capture-d\u2019e\u0301cran-2017-09-26-a\u0300-11.32.12-837x1024.png 837w, https:\/\/ltbc.fr\/wp-content\/uploads\/2009\/12\/Capture-d\u2019e\u0301cran-2017-09-26-a\u0300-11.32.12-245x300.png 245w, https:\/\/ltbc.fr\/wp-content\/uploads\/2009\/12\/Capture-d\u2019e\u0301cran-2017-09-26-a\u0300-11.32.12-768x940.png 768w, https:\/\/ltbc.fr\/wp-content\/uploads\/2009\/12\/Capture-d\u2019e\u0301cran-2017-09-26-a\u0300-11.32.12-123x150.png 123w, https:\/\/ltbc.fr\/wp-content\/uploads\/2009\/12\/Capture-d\u2019e\u0301cran-2017-09-26-a\u0300-11.32.12-400x489.png 400w, https:\/\/ltbc.fr\/wp-content\/uploads\/2009\/12\/Capture-d\u2019e\u0301cran-2017-09-26-a\u0300-11.32.12.png 899w\" sizes=\"auto, (max-width: 640px) 100vw, 640px\" \/><\/p>\n<p>_____________________________________________________________________________________<\/p>\n<p>Article de La Montagne sur la bourse du 26 juin 2011<\/p>\n<p><a href=\"http:\/\/ltbc.fr\/wp-content\/uploads\/2009\/12\/11-06-27-LaMontagne1.jpg\"><img loading=\"lazy\" decoding=\"async\" class=\"alignnone size-medium wp-image-1466\" title=\"11-06-27-LaMontagne\" src=\"http:\/\/ltbc.fr\/wp-content\/uploads\/2009\/12\/11-06-27-LaMontagne1-281x300.jpg\" alt=\"\" width=\"281\" height=\"300\" srcset=\"https:\/\/ltbc.fr\/wp-content\/uploads\/2009\/12\/11-06-27-LaMontagne1-281x300.jpg 281w, https:\/\/ltbc.fr\/wp-content\/uploads\/2009\/12\/11-06-27-LaMontagne1-140x150.jpg 140w, https:\/\/ltbc.fr\/wp-content\/uploads\/2009\/12\/11-06-27-LaMontagne1-400x426.jpg 400w, https:\/\/ltbc.fr\/wp-content\/uploads\/2009\/12\/11-06-27-LaMontagne1.jpg 844w\" sizes=\"auto, (max-width: 281px) 100vw, 281px\" \/><\/a><\/p>\n<p>_____________________________________________________________________________________<\/p>\n<p>Article de La Montagne sur la Bourse du 27 juin 2010 :<\/p>\n<p><a href=\"..\/wp-content\/uploads\/2009\/12\/IMG1.jpg\"><img loading=\"lazy\" decoding=\"async\" title=\"IMG\" src=\"..\/wp-content\/uploads\/2009\/12\/IMG1-300x230.jpg\" alt=\"\" width=\"300\" height=\"230\" \/><\/a><\/p>\n<p>_____________________________________________________________________________________<\/p>\n<p>Un article de G\u00e9rard Leblanc, paru dans la revue de l&rsquo;Association \u00a0\u00bb Les Amis de Malemort \u00a0\u00bb :<\/p>\n<p><a href=\"..\/wp-content\/uploads\/2009\/12\/AMalLTBC1.jpg\"><img loading=\"lazy\" decoding=\"async\" title=\"AMalLTBC1\" src=\"..\/wp-content\/uploads\/2009\/12\/AMalLTBC1-214x300.jpg\" alt=\"\" width=\"214\" height=\"300\" \/><\/a><a href=\"..\/wp-content\/uploads\/2009\/12\/AMalLTBC2.jpg\"><img loading=\"lazy\" decoding=\"async\" title=\"AMalLTBC2\" src=\"..\/wp-content\/uploads\/2009\/12\/AMalLTBC2-214x300.jpg\" alt=\"\" width=\"214\" height=\"300\" \/><\/a><\/p>\n<p>____________________________________________________________________________________<\/p>\n<p>Des articles concernant l&rsquo;anniversaire des 150 ans de la ligne P\u00e9rigueux-Brive, qui s&rsquo;est f\u00eat\u00e9 les 18 et 19 septembre 2010.<\/p>\n<p><a href=\"..\/wp-content\/uploads\/2009\/12\/LaMontagne.jpg\"><img loading=\"lazy\" decoding=\"async\" title=\"LaMontagne\" src=\"..\/wp-content\/uploads\/2009\/12\/LaMontagne-300x295.jpg\" alt=\"\" width=\"300\" height=\"295\" \/><\/a><a href=\"..\/wp-content\/uploads\/2009\/12\/BrivMag22512.jpg\"><img loading=\"lazy\" decoding=\"async\" title=\"BrivMag2251\" src=\"..\/wp-content\/uploads\/2009\/12\/BrivMag22512-222x300.jpg\" alt=\"\" width=\"222\" height=\"300\" \/><\/a><a href=\"..\/wp-content\/uploads\/2009\/12\/IMG_00016.jpg\"><img loading=\"lazy\" decoding=\"async\" title=\"IMG_0001\" src=\"..\/wp-content\/uploads\/2009\/12\/IMG_00016-300x248.jpg\" alt=\"\" width=\"300\" height=\"248\" \/><\/a><a href=\"..\/wp-content\/uploads\/2009\/12\/IMG31.jpg\"><img loading=\"lazy\" decoding=\"async\" title=\"IMG3\" src=\"..\/wp-content\/uploads\/2009\/12\/IMG31-300x240.jpg\" alt=\"\" width=\"300\" height=\"240\" \/><\/a><a href=\"..\/wp-content\/uploads\/2009\/12\/IMG_00023.jpg\"><img loading=\"lazy\" decoding=\"async\" title=\"IMG_0002\" src=\"..\/wp-content\/uploads\/2009\/12\/IMG_00023-300x101.jpg\" alt=\"\" width=\"300\" height=\"101\" \/><\/a><a href=\"..\/wp-content\/uploads\/2009\/12\/Prog150ans4.jpg\"><img loading=\"lazy\" decoding=\"async\" title=\"Prog150ans\" src=\"..\/wp-content\/uploads\/2009\/12\/Prog150ans4-300x210.jpg\" alt=\"\" width=\"300\" height=\"210\" \/><\/a><\/p>\n<p>_____________________________________________________________________________________<\/p>\n<p>Des articles plus anciens :<\/p>\n<p>Exposition de 1999<\/p>\n<div>\n<dl id=\"attachment_236\">\n<dt><a href=\"..\/wp-content\/uploads\/2009\/12\/Montagne-expo-20091.jpg\"><img loading=\"lazy\" decoding=\"async\" title=\"Montagne-expo-2009\" src=\"..\/wp-content\/uploads\/2009\/12\/Montagne-expo-20091-300x233.jpg\" alt=\"\" width=\"300\" height=\"233\" \/><\/a><a href=\"..\/wp-content\/uploads\/2009\/12\/Montagne-expo-2009-2.jpg\"><img loading=\"lazy\" decoding=\"async\" title=\"Montagne-expo-2009-2\" src=\"..\/wp-content\/uploads\/2009\/12\/Montagne-expo-2009-2-300x238.jpg\" alt=\"\" width=\"300\" height=\"238\" \/><\/a><a href=\"..\/wp-content\/uploads\/2009\/12\/Montagne-expo-2009-3.jpg\"><img loading=\"lazy\" decoding=\"async\" title=\"Montagne-expo-2009-3\" src=\"..\/wp-content\/uploads\/2009\/12\/Montagne-expo-2009-3-300x221.jpg\" alt=\"\" width=\"300\" height=\"221\" \/><\/a><\/dt>\n<\/dl>\n<dl id=\"attachment_237\">\n<dt><\/dt>\n<\/dl>\n<div>\n<dl id=\"attachment_238\">\n<dt><\/dt>\n<dt>Exposition de 1997<\/dt>\n<\/dl>\n<\/div>\n<\/div>\n<div>\n<dl id=\"attachment_203\">\n<dt><a href=\"..\/wp-content\/uploads\/2009\/12\/Oct10-0611.jpg\"><img loading=\"lazy\" decoding=\"async\" title=\"Oct10-061\" src=\"..\/wp-content\/uploads\/2009\/12\/Oct10-0611-300x172.jpg\" alt=\"\" width=\"300\" height=\"172\" \/><\/a><a href=\"..\/wp-content\/uploads\/2009\/12\/Oct10-041.jpg\"><img loading=\"lazy\" decoding=\"async\" title=\"Oct10-04\" src=\"..\/wp-content\/uploads\/2009\/12\/Oct10-041-300x201.jpg\" alt=\"\" width=\"300\" height=\"201\" \/><\/a><\/dt>\n<\/dl>\n<div>\n<dl id=\"attachment_205\">\n<dt><\/dt>\n<dt><\/dt>\n<\/dl>\n<div>\n<dl id=\"attachment_204\">\n<dt><a href=\"..\/wp-content\/uploads\/2009\/12\/Oct10-031.jpg\"><img loading=\"lazy\" decoding=\"async\" title=\"Oct10-03\" src=\"..\/wp-content\/uploads\/2009\/12\/Oct10-031-219x300.jpg\" alt=\"\" width=\"219\" height=\"300\" \/><\/a><a href=\"..\/wp-content\/uploads\/2009\/12\/IMG_00011.jpg\"><img loading=\"lazy\" decoding=\"async\" title=\"IMG_0001\" src=\"..\/wp-content\/uploads\/2009\/12\/IMG_00011-300x215.jpg\" alt=\"\" width=\"300\" height=\"215\" \/><\/a><\/dt>\n<dd><\/dd>\n<\/dl>\n<\/div>\n<div>\n<dl id=\"attachment_855\">\n<dt><\/dt>\n<dt><\/dt>\n<dt>D\u00e9but 1990 :<\/dt>\n<dt><\/dt>\n<\/dl>\n<div>\n<dl id=\"attachment_851\">\n<dt><a href=\"..\/wp-content\/uploads\/2009\/12\/IMG22.jpg\"><img loading=\"lazy\" decoding=\"async\" title=\"IMG2\" src=\"..\/wp-content\/uploads\/2009\/12\/IMG22-250x300.jpg\" alt=\"\" width=\"250\" height=\"300\" \/><\/a><\/dt>\n<dt><\/dt>\n<dt><\/dt>\n<dd><\/dd>\n<\/dl>\n<\/div>\n<dl id=\"attachment_855\">\n<dd><\/dd>\n<\/dl>\n<\/div>\n<dl id=\"attachment_205\">\n<dd><\/dd>\n<\/dl>\n<\/div>\n<dl id=\"attachment_203\">\n<dd><\/dd>\n<\/dl>\n<\/div>\n<p><span style=\"border-radius: 2px; text-indent: 20px; width: auto; padding: 0px 4px 0px 0px; text-align: center; font: bold 11px\/20px 'Helvetica Neue',Helvetica,sans-serif; color: #ffffff; background: #bd081c no-repeat scroll 3px 50% \/ 14px 14px; position: absolute; opacity: 1; z-index: 8675309; display: none; cursor: pointer; top: 231px; left: 20px;\">Enregistrer<\/span><\/p>\n<p><span style=\"border-radius: 2px; text-indent: 20px; width: auto; padding: 0px 4px 0px 0px; text-align: center; font: bold 11px\/20px 'Helvetica Neue',Helvetica,sans-serif; color: #ffffff; background: #bd081c no-repeat scroll 3px 50% \/ 14px 14px; position: absolute; opacity: 1; z-index: 8675309; display: none; cursor: pointer; top: 271px; left: 20px;\">Enregistrer<\/span><\/p>\n<p><span style=\"border-radius: 2px; text-indent: 20px; width: auto; padding: 0px 4px 0px 0px; text-align: center; font: bold 11px\/20px 'Helvetica Neue',Helvetica,sans-serif; color: #ffffff; background: #bd081c  no-repeat scroll 3px 50% \/ 14px 14px; position: absolute; opacity: 1; z-index: 8675309; display: none; cursor: pointer; top: 271px; left: 20px;\">Enregistrer<\/span><\/p>\n","protected":false},"excerpt":{"rendered":"<p>Les coupures de presse concernant Le Train Briviste Corr\u00e9zien <\/p>\n<p>Voici quelques coupures de presse concernant nos activit\u00e9s.<\/p>\n<p>&nbsp;<\/p>\n<p>Articles parus \u00e0 l&rsquo;occasion de notre exposition de 2017<\/p>\n<p>&nbsp;<\/p>\n<\/p>\n<p>_____________________________________________________________________________________<\/p>\n<p>Article de La Montagne sur la bourse du 26 juin 2011<\/p>\n<\/p>\n<p>_____________________________________________________________________________________<\/p>\n<p>Article de La Montagne sur la Bourse du 27 juin 2010 [&#8230;]<\/p>\n","protected":false},"author":1,"featured_media":0,"parent":0,"menu_order":0,"comment_status":"open","ping_status":"open","template":"","meta":{"_monsterinsights_skip_tracking":false,"_monsterinsights_sitenote_active":false,"_monsterinsights_sitenote_note":"","_monsterinsights_sitenote_category":0,"footnotes":""},"class_list":["post-38","page","type-page","status-publish","hentry","odd"],"aioseo_notices":[],"_links":{"self":[{"href":"https:\/\/ltbc.fr\/index.php?rest_route=\/wp\/v2\/pages\/38","targetHints":{"allow":["GET"]}}],"collection":[{"href":"https:\/\/ltbc.fr\/index.php?rest_route=\/wp\/v2\/pages"}],"about":[{"href":"https:\/\/ltbc.fr\/index.php?rest_route=\/wp\/v2\/types\/page"}],"author":[{"embeddable":true,"href":"https:\/\/ltbc.fr\/index.php?rest_route=\/wp\/v2\/users\/1"}],"replies":[{"embeddable":true,"href":"https:\/\/ltbc.fr\/index.php?rest_route=%2Fwp%2Fv2%2Fcomments&post=38"}],"version-history":[{"count":30,"href":"https:\/\/ltbc.fr\/index.php?rest_route=\/wp\/v2\/pages\/38\/revisions"}],"predecessor-version":[{"id":2274,"href":"https:\/\/ltbc.fr\/index.php?rest_route=\/wp\/v2\/pages\/38\/revisions\/2274"}],"wp:attachment":[{"href":"https:\/\/ltbc.fr\/index.php?rest_route=%2Fwp%2Fv2%2Fmedia&parent=38"}],"curies":[{"name":"wp","href":"https:\/\/api.w.org\/{rel}","templated":true}]}}