{"id":4062,"date":"2025-06-26T14:20:19","date_gmt":"2025-06-26T12:20:19","guid":{"rendered":"https:\/\/ltbc.fr\/?page_id=4062"},"modified":"2025-06-26T16:58:56","modified_gmt":"2025-06-26T14:58:56","slug":"des-trains-a-langlaise-le-reseau-de-colin","status":"publish","type":"page","link":"https:\/\/ltbc.fr\/?page_id=4062","title":{"rendered":"COLIN &#8211; Des Trains \u00e0 l&rsquo;Anglaise &#8211; Un R\u00e9seau OO"},"content":{"rendered":"\n<figure class=\"wp-block-image size-large\"><a href=\"https:\/\/ltbc.fr\/wp-content\/uploads\/2025\/06\/DSC01606-1-scaled.jpg\"><img loading=\"lazy\" decoding=\"async\" width=\"1024\" height=\"499\" src=\"https:\/\/ltbc.fr\/wp-content\/uploads\/2025\/06\/DSC01606-1-1024x499.jpg\" alt=\"\" class=\"wp-image-4064\" srcset=\"https:\/\/ltbc.fr\/wp-content\/uploads\/2025\/06\/DSC01606-1-1024x499.jpg 1024w, https:\/\/ltbc.fr\/wp-content\/uploads\/2025\/06\/DSC01606-1-300x146.jpg 300w, https:\/\/ltbc.fr\/wp-content\/uploads\/2025\/06\/DSC01606-1-768x374.jpg 768w, https:\/\/ltbc.fr\/wp-content\/uploads\/2025\/06\/DSC01606-1-1536x748.jpg 1536w, https:\/\/ltbc.fr\/wp-content\/uploads\/2025\/06\/DSC01606-1-2048x998.jpg 2048w, https:\/\/ltbc.fr\/wp-content\/uploads\/2025\/06\/DSC01606-1-150x73.jpg 150w, https:\/\/ltbc.fr\/wp-content\/uploads\/2025\/06\/DSC01606-1-400x195.jpg 400w\" sizes=\"auto, (max-width: 1024px) 100vw, 1024px\" \/><\/a><figcaption class=\"wp-element-caption\">Vue g\u00e9n\u00e9rale du r\u00e9seau<\/figcaption><\/figure>\n\n\n\n<div class=\"wp-block-group is-nowrap is-layout-flex wp-container-core-group-is-layout-ad2f72ca wp-block-group-is-layout-flex\">\n<figure class=\"wp-block-image size-large is-resized\"><a href=\"https:\/\/ltbc.fr\/wp-content\/uploads\/2025\/06\/DSC01609-scaled.jpg\"><img loading=\"lazy\" decoding=\"async\" width=\"1024\" height=\"685\" src=\"https:\/\/ltbc.fr\/wp-content\/uploads\/2025\/06\/DSC01609-1024x685.jpg\" alt=\"\" class=\"wp-image-4065\" style=\"width:587px;height:auto\" srcset=\"https:\/\/ltbc.fr\/wp-content\/uploads\/2025\/06\/DSC01609-1024x685.jpg 1024w, https:\/\/ltbc.fr\/wp-content\/uploads\/2025\/06\/DSC01609-300x201.jpg 300w, https:\/\/ltbc.fr\/wp-content\/uploads\/2025\/06\/DSC01609-768x514.jpg 768w, https:\/\/ltbc.fr\/wp-content\/uploads\/2025\/06\/DSC01609-1536x1028.jpg 1536w, https:\/\/ltbc.fr\/wp-content\/uploads\/2025\/06\/DSC01609-2048x1371.jpg 2048w, https:\/\/ltbc.fr\/wp-content\/uploads\/2025\/06\/DSC01609-150x100.jpg 150w, https:\/\/ltbc.fr\/wp-content\/uploads\/2025\/06\/DSC01609-400x268.jpg 400w\" sizes=\"auto, (max-width: 1024px) 100vw, 1024px\" \/><\/a><figcaption class=\"wp-element-caption\">Le Capitole en Angleterre ?? une invasion, non, simple visite &#8230;<\/figcaption><\/figure>\n\n\n\n<figure class=\"wp-block-image size-large is-resized\"><a href=\"https:\/\/ltbc.fr\/wp-content\/uploads\/2025\/06\/DSC01614-scaled.jpg\"><img loading=\"lazy\" decoding=\"async\" width=\"1024\" height=\"685\" src=\"https:\/\/ltbc.fr\/wp-content\/uploads\/2025\/06\/DSC01614-1024x685.jpg\" alt=\"\" class=\"wp-image-4067\" style=\"width:566px;height:auto\" srcset=\"https:\/\/ltbc.fr\/wp-content\/uploads\/2025\/06\/DSC01614-1024x685.jpg 1024w, https:\/\/ltbc.fr\/wp-content\/uploads\/2025\/06\/DSC01614-300x201.jpg 300w, https:\/\/ltbc.fr\/wp-content\/uploads\/2025\/06\/DSC01614-768x514.jpg 768w, https:\/\/ltbc.fr\/wp-content\/uploads\/2025\/06\/DSC01614-1536x1028.jpg 1536w, https:\/\/ltbc.fr\/wp-content\/uploads\/2025\/06\/DSC01614-2048x1371.jpg 2048w, https:\/\/ltbc.fr\/wp-content\/uploads\/2025\/06\/DSC01614-150x100.jpg 150w, https:\/\/ltbc.fr\/wp-content\/uploads\/2025\/06\/DSC01614-400x268.jpg 400w\" sizes=\"auto, (max-width: 1024px) 100vw, 1024px\" \/><\/a><\/figure>\n<\/div>\n\n\n\n<figure class=\"wp-block-image size-large\"><a href=\"https:\/\/ltbc.fr\/wp-content\/uploads\/2025\/06\/DSC01624-scaled.jpg\"><img loading=\"lazy\" decoding=\"async\" width=\"1024\" height=\"613\" src=\"https:\/\/ltbc.fr\/wp-content\/uploads\/2025\/06\/DSC01624-1024x613.jpg\" alt=\"\" class=\"wp-image-4068\" srcset=\"https:\/\/ltbc.fr\/wp-content\/uploads\/2025\/06\/DSC01624-1024x613.jpg 1024w, https:\/\/ltbc.fr\/wp-content\/uploads\/2025\/06\/DSC01624-300x180.jpg 300w, https:\/\/ltbc.fr\/wp-content\/uploads\/2025\/06\/DSC01624-768x460.jpg 768w, https:\/\/ltbc.fr\/wp-content\/uploads\/2025\/06\/DSC01624-1536x919.jpg 1536w, https:\/\/ltbc.fr\/wp-content\/uploads\/2025\/06\/DSC01624-2048x1226.jpg 2048w, https:\/\/ltbc.fr\/wp-content\/uploads\/2025\/06\/DSC01624-150x90.jpg 150w, https:\/\/ltbc.fr\/wp-content\/uploads\/2025\/06\/DSC01624-400x239.jpg 400w\" sizes=\"auto, (max-width: 1024px) 100vw, 1024px\" \/><\/a><\/figure>\n\n\n\n<p>Et \u00e7a circule dans tous les sens, merveilleux !<\/p>\n","protected":false},"excerpt":{"rendered":"<p> Vue g\u00e9n\u00e9rale du r\u00e9seau Le Capitole en Angleterre ?? une invasion, non, simple visite &#8230; <\/p>\n<p>Et \u00e7a circule dans tous les sens, merveilleux !<\/p>\n<p> [&#8230;]<\/p>\n","protected":false},"author":5,"featured_media":0,"parent":310,"menu_order":0,"comment_status":"closed","ping_status":"closed","template":"","meta":{"_monsterinsights_skip_tracking":false,"_monsterinsights_sitenote_active":false,"_monsterinsights_sitenote_note":"","_monsterinsights_sitenote_category":0,"footnotes":""},"class_list":["post-4062","page","type-page","status-publish","hentry","odd"],"aioseo_notices":[],"_links":{"self":[{"href":"https:\/\/ltbc.fr\/index.php?rest_route=\/wp\/v2\/pages\/4062","targetHints":{"allow":["GET"]}}],"collection":[{"href":"https:\/\/ltbc.fr\/index.php?rest_route=\/wp\/v2\/pages"}],"about":[{"href":"https:\/\/ltbc.fr\/index.php?rest_route=\/wp\/v2\/types\/page"}],"author":[{"embeddable":true,"href":"https:\/\/ltbc.fr\/index.php?rest_route=\/wp\/v2\/users\/5"}],"replies":[{"embeddable":true,"href":"https:\/\/ltbc.fr\/index.php?rest_route=%2Fwp%2Fv2%2Fcomments&post=4062"}],"version-history":[{"count":4,"href":"https:\/\/ltbc.fr\/index.php?rest_route=\/wp\/v2\/pages\/4062\/revisions"}],"predecessor-version":[{"id":4082,"href":"https:\/\/ltbc.fr\/index.php?rest_route=\/wp\/v2\/pages\/4062\/revisions\/4082"}],"up":[{"embeddable":true,"href":"https:\/\/ltbc.fr\/index.php?rest_route=\/wp\/v2\/pages\/310"}],"wp:attachment":[{"href":"https:\/\/ltbc.fr\/index.php?rest_route=%2Fwp%2Fv2%2Fmedia&parent=4062"}],"curies":[{"name":"wp","href":"https:\/\/api.w.org\/{rel}","templated":true}]}}